te 139 + -124 - (1 - -2).
12
Evaluate -23 + 30 - (16 + 1).
-10
What is the value of (0 - (1 + -11)) + (-509 - -523)?
24
-12 - -6 - ((24 - 40) + 35)
-25
Evaluate -4 - (-9 + 8 - (6 + -1 + 1)).
3
What is -10 + 12 - 34 - -19?
-13
Evaluate (2 - 3) + (1 - 5 - (-23 + 10)).
8
What is -1 + -18 + (-1986 - -1964)?
-41
What is the value of 14 + -10 - (14 + -5)?
-5
Evaluate 1 - (-10 + 1 + -4).
14
What is the value of 5 + 1 + 9 + -52 + 14?
-23
What is -6 - -13 - 6 - 0?
1
Calculate (-3 - -7) + (101 - 106).
-1
What is (20 - 31) + (45 - ((4 - 2) + -1))?
33
Evaluate -4 + -8 + -5 + 7.
-10
Evaluate 31 + 44 + -66 + (11 - 2).
18
What is (-1 - (7 + 10) - -8) + -8?
-18
What is (-294 - -294) + 8 + (2 - 3 - 1)?
6
Calculate -1 + 10 + 6 + -14 - -8.
9
Evaluate -27 - 0 - (-35 - -19).
-11
Calculate (6 - 2) + -13 + 10 - (0 + -5).
6
Evaluate 1 + 4 - ((13 - (-6 + 8)) + 6).
-12
What is the value of (19 - 11) + -18 + 0 + (-12 - 0)?
-22
Calculate (-1 + -9 - (-61 - -60)) + 0.
-9
What is the value of -11 + (-11 - -32) - (-2 - (2 + 1))?
15
What is the value of -33 - (-20 - (-12 + 17 - 18))?
-26
What is -19 - -3 - (5 - 42)?
21
Calculate (-14 - (-2 + 0)) + 24 - (0 + -3).
15
17 + (2 - 1 - (-5 + 13))
10
3 + (13 - 7) - ((22 - -5) + 0)
-18
Evaluate 13 + (-13 - -6) + -10.
-4
Evaluate -33 + (8 - -2 - -1) + (2 - 12).
-32
What is -1292 + 1307 - (18 - 1)?
-2
Evaluate (28 + (5 - 26) - (1 - -26)) + -9.
-29
What is -13 + 8 + (3 - 4) - -22?
16
What is (22 + -47 - -29) + -4?
0
Calculate (-15 + -1 + 27 - 11) + 4 + -2.
2
Calculate -718 - -694 - (1 + -43).
18
What is the value of 0 + -1 + (5 - -11) + -6?
9
Evaluate -9 + (-12 - (2 - 15)).
-8
What is the value of (9 + 9 + -12 - -1) + -2?
5
Evaluate 28 + -1 + (-13 - 25 - -32).
21
Calculate 8 + (-9 - -11) + 0.
10
What is the value of -36 - (-5 + -3 + -1) - -12?
-15
What is 12 - (2 + 8 - 7 - 4)?
13
28 + (-17 - -7) + -20 - (-1 - 26)
25
52 + 1 - (-28 + 17 + 27)
37
Calculate -726 + 723 + (-1 - (1 + 13)).
-18
What is 4 + -12 - ((-9 - -18) + -4)?
-13
What is -18 - (6 + -14 + -9)?
-1
-14 - (-30 + 9 - -13) - 10
-16
What is 3 - (6 + -8 + 1 + 2)?
2
What is the value of 1 + -10 + 8 + 0 - 4?
-5
What is (4 - 24 - -8) + 2?
-10
Evaluate (-50 - -19 - -11) + 35.
15
9 - (-5 + -3 + 0 - -4)
13
Calculate -3 + 0 - (7 - (-12 - 6)).
-28
Calculate -31 - -26 - (-30 + 5).
20
What is the value of -45 + (468 - 455) + -5 + -1 + 2?
-36
Calculate 0 - -1 - 5 - (-19 - -13).
2
Calculate (-7 - -2) + (111 - 99).
7
What is 25 - (-4 - -3 - 6 - -13)?
19
Calculate (-6 - (-5 - -8)) + -9 + 32.
14
What is the value of -21 + 2 + 7 + -3?
-15
What is -28 + 2 - (-9 - (11 - (16 - 4)))?
-18
What is the value of (12 - 27) + 6 - 0?
-9
Evaluate (-8 + 2 + -9 - -2) + 1.
-12
Calculate -4 + 5 - (-4 - (4 + -9) - 6).
6
Calculate -4 - (-18 + 8 + (-2 - 12)).
20
Evaluate 0 - (3 + -14 + 9).
2
Calculate -1 + 3 - (1 - 3) - (1 + 5).
-2
What is 1 + -4 + (10 - 3) + -6 + -1?
-3
Evaluate (-22 - -13) + 13 + -5.
-1
Evaluate -16 - -6 - (10 + -12 - -10) - -2.
-16
What is 11 + -35 + 18 + (3 - (7 + 2))?
-12
Calculate 2 + (15 - 2) + -10 - (-4 - -12).
-3
(3 - -10) + -56 + 50
7
Evaluate 6 + (-10 - -7 - 10) + -14.
-21
(-40 - -25) + -16 - -10
-21
Evaluate -12 + 24 + -4 + -6.
2
Evaluate (52 - (8 + 32)) + 0 + -12.
0
-56 - (6 + -1 + -44)
-17
What is the value of (7 - (6 - -7)) + (9 - (5 - 2))?
0
7 - (11 + (-10 + 2 - -8))
-4
0 - 1 - (15 - (-27 - (-22 + 9)))
-30
What is the value of -5 + 18 + -5 - (2 - -1) - 6?
-1
What is the value of (-17 - -28 - (-1 + 6)) + (3 - -2)?
11
What is (-18 - -17) + 2 + 6 + -3?
4
What is the value of (-4 - (-11 + 9 + -8)) + -7 + 1?
0
150 + -151 - (0 + (9 - -2) + -3)
-9
3 + (-9 + 17 - 8) + (0 - -2)
5
Evaluate (-10 - (3 - (6 + -7))) + 2.
-12
Evaluate (18 - 7) + -12 - (-1 + 4).
-4
Calculate -6 + (17 + 8 - (-7 - -4) - 0).
22
Evaluate -13 - (-10 - (-5 + 4 + -12)).
-16
Evaluate -35 - (7 + -30 + -19).
7
Calculate -22 - (-22 - (-2 - 24)).
-26
11 + -1 + 81 + -93
-2
What is -3 - 2 - ((-1 - 4) + (21 - 29))?
8
Calculate (22 - (17 - 50)) + -17.
38
(-2 - -2 - -7) + (2 - 1) - 23
-15
Evaluate 2 + 11 + -36 + 11.
-12
What is -2 + (-7 - -3) + (0 - (-9 - -7))?
-4
What is the value of -2 - -50 - (-128 + 152)?
24
-43 + 23 - (22 + -30)
-12
What is the value of -4 - (-5 + -1 + 14 - 1)?
-11
What is the value of 3 + 10 - (7 + 20)?
-14
Calculate -4 - (-2 + 8 + -11) - -3.
4
What is (-5 - (-5 - -1)) + 5 + 16 + -23?
-3
What is 7 - (-1 + (17 - 2) - 11)?
4
Calculate -12 + (12 - -9) + -2.
7
What is 0 - ((6 - ((7 - 5) + 9)) + 6)?
-1
-14 - 0 - (4 - 7)
-11
What is the value of -10 + 16 - -11 - 10?
7
Calculate 7 - 28 - ((-5 - -8) + -2 - 9).
-13
Evaluate -12 + 4 + (-11 - (-5 + -29)).
15
What is 1 - 0 - -7 - (20 + 55 + -83)?
16
What is -1 + -1 + 2 + (9 - 5)?
4
What is 37 + (-32 - (5 + -11))?
11
What is 1 - (1 + 0 + (29 - 1)) - -6?
-22
Evaluate (-14 - -2) + 39 + -63 + 26.
-10
What is the value of (-3 - -15) + -31 + 9?
-10
Calculate 5 + 2 + -6 + 2 + -4 + 0.
-1
Evaluate -567 + 605 - (3 - (1 - 11)).
25
What is the value of -2 + -5 + 6 + -15 + -5?
-21
What is 7 - (-6 + (-9 + 9 - -15))?
-2
Evaluate -26 + 3 + 1 + 0 + 124 + -123.
-21
What is the value of (19 - 14 - 6) + (8 - 0)?
7
What is (-6 + (-8 - -18) + 28 - 1) + -4?
27
8 + -11 + -9 + -7
-19
(10 - 1) + (-3 - (-1 - 7)) + -11
3
What is the value of -6 + 25 - (-15 - ((-12 - 3) + 9))?
28
21 + (0 - 3 - 7) + -3
8
Evaluate -30 - ((-4 - (-16 + 0)) + -25).
-17
(-6 + -3 - -2) + -5 + 6
-6
(475 - 494) + 31 + 0
12
Calculate 55 - 50 - (-2 + 9 - -2).
-4
What is 2 + -6 + -1 - (20 + -5 - 17)?
-3
What is (-14 - -2) + (20 - (14 - 1))?
-5
Evaluate -11 - (-3 + 0) - 0 - -21.
13
What is -1 - (12 - (13 - (-5 + 16) - 1))?
-12
Evaluate -4 + 1 - (0 + -9 + (15 - 5)).
-4
9 + (4 - 0) + (-3 - 3) + 30
37
What is -24 - (-1 - 2) - (-49 + 40)?
-12
-16 - (-19 + -4 + 5)
2
Evaluate -3 - -18 - (32 - (26 + 17)).
26
What is the value of -5 + -1 - (-9 + -10 + 20 - -6)?
-13
What is (-4 + 10 - 23) + -12 + 19?
-10
-7 + (7 - (14 - -3))
-17
What is -1 + -14 - (-3 + 3 + 3 - 3)?
-15
Calculate 4 + (31 - 6 - 8 - 9).
12
What is 1 + 8 + 5 + -3 + 16 + -13?
14
Evaluate -1 + 4 + (-3 - (3 + -3)).
0
What is the value of 97 + (-71 - 9) + 8 + 0?
25
Evaluate (0 - -4) + (5 - -2 - 18) + 16.
9
What is -1 - (15 + (-3 - 1)) - -7 - -5?
0
Calculate (-20 - -8) + -9 + 4.
-17
What is the value of 6 - (7 + -11) - (16 - 4) - 11?
-13
Calculate -3 - ((-3 - 1 - 14) + -3).
18
Evaluate 6 + 8 + -21 + 18.
11
Calculate -13 - -46 - (28 - 8).
13
Calculate -22 - (9 - (7 - -25)).
1
What is the value of -57 + 18 + 45 - (-1 - -1)?
6
Calculate 5 + (9 - 34) - -7.
-13
Calculate (13 - (3 + -2)) + (-187 - -176).
1
What is the value of (-9 - (-69 + 18)) + -29?
13
Calculate 1 + 9 - (3 + 0 - (-57 + 24)).
-26
What is (2 + 0 - -7) + (210 - 202)?
17
292 - 283 - (1 + 8)
0
What is 2 + -6 - (26 - (20 + 17))?
7
Calculate 14 - (0 - -1) - (6 + -12 - -13).
6
What is -19 + (-2 - (7 - 4) - (1 - 13))?
-12
-6 - (-12 - -5) - (-18 + 11)
8
Calculate (11 - 10) + -19 + 3.
-15
What is the value of -7 - (-5 - (7 - 1)) - -2?
6
What is the value of (-12 - 0) + -4 + (12 - 12)?
-16
(-8 - -7) + -6 + 1 + 6 + -17
-17
Calculate (-1 - 4 - (-27 + 30)) + 1 + -2.
-9
-13 + 1 + (-75 - -81) - -8
2
What is the value of 0 - (-49 - -36) - 29?
-16
Evaluate (-1 - (0 - 0) - (-118 - -115)) + -7.
-5
Calculate 12 + -9 + 4 + 14 + 5 + -6.
20
(-31 + 26 - -5) + (-29 - -2)
-27
Evaluate -2 - -2 - 0 - (-6 - -14).
-8
9 - 10 - (5 - (0 - 4))
-10
Evaluate (-7 - (9 - (3 - -52))) + -11 - 11.
17
What is the value of (5 - ((2 - -23) + 8)) + (-9 - -15)?
-22
What is 5 - (2 + 7 + 5 + -8)?
-1
Evaluate -17 - 0 - (257 + -257).
-17
-193 + 190 + (0 + 0 + -2 - -2)
-3
Evaluate 7 + 1 - (38 + -1 + (-113 - -107)).
-23
Evaluate 4 - (2 + 8) - (2 - -2) - 3.
-13
(-30 - -11) + 16 - -16
13
Calculate 11 - (22 + -9 + -18).
16
Evaluate 1 + -9 - (-4 + 5).
-9
What is 1 + -7 + 119 + -108?
5
What is the value of (-26 + 5 - -10) + 7?
-4
-7 + 15 + -8 + -32 - (-26 - -15)
-21
Evaluate 2 + -11 + -1 + (-389 - -389).
-10
Calculate 3 - (29 - (25 + 15)).
14
What is -24 - ((37 - (79 - 35)) + (0 - -5))?
-22
Calculate (-5 - (-2 + (-3 - 3) + 2)) + -6.
-5
-11 + (-1 - (-16 + 10 + -10))
4
-10 - -16 - 24 - -26
8
What is the value of (6 - 1) + -28 + 7?
-16
What is 1 + 7 + -7 - (-16 + 18)?
-1
What is (25 - 1) + (46 - 60)?
10
9 - 0 - (-25 + -23 + 43)
14
What is (-16 - (-24 + 8)) + -5?
-5
Calculat